{"id":193,"date":"2024-11-24T19:06:21","date_gmt":"2024-11-24T22:06:21","guid":{"rendered":"https:\/\/www.tratativa.com.br\/dicas\/?page_id=193"},"modified":"2026-01-08T16:21:38","modified_gmt":"2026-01-08T19:21:38","slug":"acesse-tratativa-com","status":"publish","type":"page","link":"https:\/\/www.tratativa.com.br\/dicas\/acesse-tratativa-com\/","title":{"rendered":"acesse tratativa"},"content":{"rendered":"\t\t<div data-elementor-type=\"wp-page\" data-elementor-id=\"193\" class=\"elementor elementor-193\">\n\t\t\t\t<div class=\"elementor-element elementor-element-e28fa1b e-flex e-con-boxed e-con e-parent\" data-id=\"e28fa1b\" data-element_type=\"container\">\n\t\t\t\t\t<div class=\"e-con-inner\">\n\t\t\t\t<div class=\"elementor-element elementor-element-3f70549 elementor-widget elementor-widget-text-editor\" data-id=\"3f70549\" data-element_type=\"widget\" data-widget_type=\"text-editor.default\">\n\t\t\t\t<div class=\"elementor-widget-container\">\n\t\t\t\t\t\t\t<h1>Acesse \u00a0<span style=\"color: #008000;\"><a style=\"color: #008000;\" href=\"https:\/\/www.tratativa.com.br\/\" target=\"_blank\" rel=\"noopener\">tratativa.com<\/a><\/span><\/h1>\t\t\t\t\t\t<\/div>\n\t\t\t\t<\/div>\n\t\t\t\t\t<\/div>\n\t\t\t\t<\/div>\n\t\t<div class=\"elementor-element elementor-element-d5ca1b7 e-flex e-con-boxed e-con e-parent\" data-id=\"d5ca1b7\" data-element_type=\"container\">\n\t\t\t\t\t<div class=\"e-con-inner\">\n\t\t\t\t<div class=\"elementor-element elementor-element-006ff67 elementor-widget elementor-widget-text-editor\" data-id=\"006ff67\" data-element_type=\"widget\" data-widget_type=\"text-editor.default\">\n\t\t\t\t<div class=\"elementor-widget-container\">\n\t\t\t\t\t\t\t<h2>Conquistar novos clientes ficou muito acess\u00edvel e f\u00e1cil<\/h2><p class=\"description\">Se voc\u00ea quer em melhorar consideravelmente seus resultados financeiros, reduzir custos comerciais e de divulga\u00e7\u00e3o, est\u00e1 no lugar certo. Na Tratativa voc\u00ea escolhe com quais clientes quer negociar pelo melhor custo\/benef\u00edcio.<\/p><p class=\"description\">\u00a0<\/p>\t\t\t\t\t\t<\/div>\n\t\t\t\t<\/div>\n\t\t\t\t\t<\/div>\n\t\t\t\t<\/div>\n\t\t<div class=\"elementor-element elementor-element-2ffe79c e-flex e-con-boxed e-con e-parent\" data-id=\"2ffe79c\" data-element_type=\"container\">\n\t\t\t\t\t<div class=\"e-con-inner\">\n\t\t\t\t<div class=\"elementor-element elementor-element-51d1636 elementor-widget elementor-widget-text-editor\" data-id=\"51d1636\" data-element_type=\"widget\" data-widget_type=\"text-editor.default\">\n\t\t\t\t<div class=\"elementor-widget-container\">\n\t\t\t\t\t\t\t<h2>Conhe\u00e7a as vantagens de ser Premium Tratativa<\/h2><div class=\"advantages\"><div class=\"row\"><div class=\"col-lg-6\"><p><i class=\"icon icon-inbox-in icon24\"><\/i>\u00a0Receba diariamente clientes interessados em seus servi\u00e7os<\/p><p><i class=\"icon icon-search-2 icon24\"><\/i>\u00a0Escolha com quais clientes quer negociar<\/p><p><i class=\"icon icon-balanca icon24\"><\/i>\u00a0Pague somente pelas solicita\u00e7\u00f5es que deseja atender.<\/p><p><i class=\"icon icon-like icon24\"><\/i>\u00a0Clientes reais ou seu cr\u00e9dito de volta<\/p><p><i class=\"icon icon-target icon24\"><\/i>\u00a0Acesse clientes interessados com baixissimo investimento.<\/p><p><i class=\"icon icon-promotion icon24\"><\/i>\u00a0Reduza consideravelmente seus custos comerciais e em divulga\u00e7\u00e3o<\/p><p><i class=\"icon icon-phone-call icon24\"><\/i>\u00a0Tenha acesso a telefones validados e e-mails de clientes reais<\/p><p><i class=\"icon icon-podium icon24\"><\/i>\u00a0Concorra com no m\u00e1ximo 3 outras empresas em cada oportunidade de neg\u00f3cio<\/p><\/div><div class=\"col-lg-6\"><p><i class=\"icon icon-dollar-sign icon24\"><\/i>\u00a0A Tratativa incentiva e encoraja negocia\u00e7\u00f5es lucrativas (sem leil\u00e3o de pre\u00e7os)<\/p><p><i class=\"icon icon-building-regular icon24\"><\/i>\u00a0Sem concorr\u00eancia informal (Somente Empresas com CNPJ ativos que podem participar)<\/p><p><i class=\"icon icon-send-2 icon18\"><\/i>\u00a0Participe gratuitamente com at\u00e9 3 clientes interessados por dia<\/p><p><i class=\"icon icon-handshake-alt icon18\"><\/i>\u00a0Negocie diretamente com o cliente sem intermedi\u00e1rios ou comiss\u00f5es<\/p><p><i class=\"icon icon-bell icon24\"><\/i>\u00a0Seja notificado de oportunidades de acordo com o p\u00fablico alvo que voc\u00ea estabelecer<\/p><p><i class=\"icon icon-foguete icon24\"><\/i>\u00a0A Ferramenta \u00e9 simples e de r\u00e1pido aprendizado<\/p><p><i class=\"icon icon-hand-dollar-sign icon14\"><\/i>\u00a0Disponibilizamos diversos planos que encaixam ao tamanho da sua empresa<\/p><p><i class=\"icon icon-logo-ummense icon24\"><\/i>\u00a0Integra\u00e7\u00e3o com a Ummense<\/p><\/div><\/div><\/div>\t\t\t\t\t\t<\/div>\n\t\t\t\t<\/div>\n\t\t\t\t\t<\/div>\n\t\t\t\t<\/div>\n\t\t\t\t<\/div>\n\t\t","protected":false},"excerpt":{"rendered":"<p>Acesse \u00a0tratativa.com Conquistar novos clientes ficou muito acess\u00edvel e f\u00e1cil Se voc\u00ea quer em melhorar consideravelmente seus resultados financeiros, reduzir custos comerciais e de divulga\u00e7\u00e3o, est\u00e1 no lugar certo. Na Tratativa voc\u00ea escolhe com quais clientes quer negociar pelo melhor custo\/benef\u00edcio. \u00a0 Conhe\u00e7a as vantagens de ser Premium Tratativa \u00a0Receba diariamente clientes interessados em seus [&hellip;]<\/p>\n","protected":false},"author":1,"featured_media":0,"parent":0,"menu_order":0,"comment_status":"closed","ping_status":"closed","template":"","meta":{"footnotes":""},"class_list":["post-193","page","type-page","status-publish","hentry"],"yoast_head":"<!-- This site is optimized with the Yoast SEO plugin v24.4 - https:\/\/yoast.com\/wordpress\/plugins\/seo\/ -->\n<title>acesse tratativa - Conte\u00fados com Dicas sobre Servi\u00e7os de Ag\u00eancias de Marketing<\/title>\n<meta name=\"robots\" content=\"index, follow, max-snippet:-1, max-image-preview:large, max-video-preview:-1\" \/>\n<link rel=\"canonical\" href=\"https:\/\/www.tratativa.com.br\/dicas\/acesse-tratativa-com\/\" \/>\n<meta property=\"og:locale\" content=\"pt_BR\" \/>\n<meta property=\"og:type\" content=\"article\" \/>\n<meta property=\"og:title\" content=\"acesse tratativa - Conte\u00fados com Dicas sobre Servi\u00e7os de Ag\u00eancias de Marketing\" \/>\n<meta property=\"og:description\" content=\"Acesse \u00a0tratativa.com Conquistar novos clientes ficou muito acess\u00edvel e f\u00e1cil Se voc\u00ea quer em melhorar consideravelmente seus resultados financeiros, reduzir custos comerciais e de divulga\u00e7\u00e3o, est\u00e1 no lugar certo. Na Tratativa voc\u00ea escolhe com quais clientes quer negociar pelo melhor custo\/benef\u00edcio. \u00a0 Conhe\u00e7a as vantagens de ser Premium Tratativa \u00a0Receba diariamente clientes interessados em seus [&hellip;]\" \/>\n<meta property=\"og:url\" content=\"https:\/\/www.tratativa.com.br\/dicas\/acesse-tratativa-com\/\" \/>\n<meta property=\"og:site_name\" content=\"Conte\u00fados com Dicas sobre Servi\u00e7os de Ag\u00eancias de Marketing\" \/>\n<meta property=\"article:modified_time\" content=\"2026-01-08T19:21:38+00:00\" \/>\n<meta name=\"twitter:card\" content=\"summary_large_image\" \/>\n<meta name=\"twitter:label1\" content=\"Est. reading time\" \/>\n\t<meta name=\"twitter:data1\" content=\"1 minuto\" \/>\n<script type=\"application\/ld+json\" class=\"yoast-schema-graph\">{\"@context\":\"https:\/\/schema.org\",\"@graph\":[{\"@type\":\"WebPage\",\"@id\":\"https:\/\/www.tratativa.com.br\/dicas\/acesse-tratativa-com\/\",\"url\":\"https:\/\/www.tratativa.com.br\/dicas\/acesse-tratativa-com\/\",\"name\":\"acesse tratativa - Conte\u00fados com Dicas sobre Servi\u00e7os de Ag\u00eancias de Marketing\",\"isPartOf\":{\"@id\":\"https:\/\/www.tratativa.com.br\/dicas\/#website\"},\"datePublished\":\"2024-11-24T22:06:21+00:00\",\"dateModified\":\"2026-01-08T19:21:38+00:00\",\"breadcrumb\":{\"@id\":\"https:\/\/www.tratativa.com.br\/dicas\/acesse-tratativa-com\/#breadcrumb\"},\"inLanguage\":\"pt-BR\",\"potentialAction\":[{\"@type\":\"ReadAction\",\"target\":[\"https:\/\/www.tratativa.com.br\/dicas\/acesse-tratativa-com\/\"]}]},{\"@type\":\"BreadcrumbList\",\"@id\":\"https:\/\/www.tratativa.com.br\/dicas\/acesse-tratativa-com\/#breadcrumb\",\"itemListElement\":[{\"@type\":\"ListItem\",\"position\":1,\"name\":\"Home\",\"item\":\"https:\/\/www.tratativa.com.br\/dicas\/\"},{\"@type\":\"ListItem\",\"position\":2,\"name\":\"acesse tratativa\"}]},{\"@type\":\"WebSite\",\"@id\":\"https:\/\/www.tratativa.com.br\/dicas\/#website\",\"url\":\"https:\/\/www.tratativa.com.br\/dicas\/\",\"name\":\"Conte\u00fados com Dicas sobre Servi\u00e7os de Ag\u00eancias de Marketing\",\"description\":\"Conte\u00fados com Dicas sobre Ag\u00eancias que Prestam Servi\u00e7os de Marketing, Publicidade, Design, M\u00eddias Sociais, Sites, Lojas Virtuais, Marketing Digital, Tr\u00e1fego Pago, SEO, Cria\u00e7\u00e3o de Conte\u00fado.\",\"potentialAction\":[{\"@type\":\"SearchAction\",\"target\":{\"@type\":\"EntryPoint\",\"urlTemplate\":\"https:\/\/www.tratativa.com.br\/dicas\/?s={search_term_string}\"},\"query-input\":{\"@type\":\"PropertyValueSpecification\",\"valueRequired\":true,\"valueName\":\"search_term_string\"}}],\"inLanguage\":\"pt-BR\"}]}<\/script>\n<!-- \/ Yoast SEO plugin. -->","yoast_head_json":{"title":"acesse tratativa - Conte\u00fados com Dicas sobre Servi\u00e7os de Ag\u00eancias de Marketing","robots":{"index":"index","follow":"follow","max-snippet":"max-snippet:-1","max-image-preview":"max-image-preview:large","max-video-preview":"max-video-preview:-1"},"canonical":"https:\/\/www.tratativa.com.br\/dicas\/acesse-tratativa-com\/","og_locale":"pt_BR","og_type":"article","og_title":"acesse tratativa - Conte\u00fados com Dicas sobre Servi\u00e7os de Ag\u00eancias de Marketing","og_description":"Acesse \u00a0tratativa.com Conquistar novos clientes ficou muito acess\u00edvel e f\u00e1cil Se voc\u00ea quer em melhorar consideravelmente seus resultados financeiros, reduzir custos comerciais e de divulga\u00e7\u00e3o, est\u00e1 no lugar certo. Na Tratativa voc\u00ea escolhe com quais clientes quer negociar pelo melhor custo\/benef\u00edcio. \u00a0 Conhe\u00e7a as vantagens de ser Premium Tratativa \u00a0Receba diariamente clientes interessados em seus [&hellip;]","og_url":"https:\/\/www.tratativa.com.br\/dicas\/acesse-tratativa-com\/","og_site_name":"Conte\u00fados com Dicas sobre Servi\u00e7os de Ag\u00eancias de Marketing","article_modified_time":"2026-01-08T19:21:38+00:00","twitter_card":"summary_large_image","twitter_misc":{"Est. reading time":"1 minuto"},"schema":{"@context":"https:\/\/schema.org","@graph":[{"@type":"WebPage","@id":"https:\/\/www.tratativa.com.br\/dicas\/acesse-tratativa-com\/","url":"https:\/\/www.tratativa.com.br\/dicas\/acesse-tratativa-com\/","name":"acesse tratativa - Conte\u00fados com Dicas sobre Servi\u00e7os de Ag\u00eancias de Marketing","isPartOf":{"@id":"https:\/\/www.tratativa.com.br\/dicas\/#website"},"datePublished":"2024-11-24T22:06:21+00:00","dateModified":"2026-01-08T19:21:38+00:00","breadcrumb":{"@id":"https:\/\/www.tratativa.com.br\/dicas\/acesse-tratativa-com\/#breadcrumb"},"inLanguage":"pt-BR","potentialAction":[{"@type":"ReadAction","target":["https:\/\/www.tratativa.com.br\/dicas\/acesse-tratativa-com\/"]}]},{"@type":"BreadcrumbList","@id":"https:\/\/www.tratativa.com.br\/dicas\/acesse-tratativa-com\/#breadcrumb","itemListElement":[{"@type":"ListItem","position":1,"name":"Home","item":"https:\/\/www.tratativa.com.br\/dicas\/"},{"@type":"ListItem","position":2,"name":"acesse tratativa"}]},{"@type":"WebSite","@id":"https:\/\/www.tratativa.com.br\/dicas\/#website","url":"https:\/\/www.tratativa.com.br\/dicas\/","name":"Conte\u00fados com Dicas sobre Servi\u00e7os de Ag\u00eancias de Marketing","description":"Conte\u00fados com Dicas sobre Ag\u00eancias que Prestam Servi\u00e7os de Marketing, Publicidade, Design, M\u00eddias Sociais, Sites, Lojas Virtuais, Marketing Digital, Tr\u00e1fego Pago, SEO, Cria\u00e7\u00e3o de Conte\u00fado.","potentialAction":[{"@type":"SearchAction","target":{"@type":"EntryPoint","urlTemplate":"https:\/\/www.tratativa.com.br\/dicas\/?s={search_term_string}"},"query-input":{"@type":"PropertyValueSpecification","valueRequired":true,"valueName":"search_term_string"}}],"inLanguage":"pt-BR"}]}},"rttpg_featured_image_url":null,"rttpg_author":{"display_name":"adminwp","author_link":"https:\/\/www.tratativa.com.br\/dicas\/author\/adminwp\/"},"rttpg_comment":0,"rttpg_category":null,"rttpg_excerpt":"Acesse \u00a0tratativa.com Conquistar novos clientes ficou muito acess\u00edvel e f\u00e1cil Se voc\u00ea quer em melhorar consideravelmente seus resultados financeiros, reduzir custos comerciais e de divulga\u00e7\u00e3o, est\u00e1 no lugar certo. Na Tratativa voc\u00ea escolhe com quais clientes quer negociar pelo melhor custo\/benef\u00edcio. \u00a0 Conhe\u00e7a as vantagens de ser Premium Tratativa \u00a0Receba diariamente clientes interessados em seus&hellip;","_links":{"self":[{"href":"https:\/\/www.tratativa.com.br\/dicas\/wp-json\/wp\/v2\/pages\/193","targetHints":{"allow":["GET"]}}],"collection":[{"href":"https:\/\/www.tratativa.com.br\/dicas\/wp-json\/wp\/v2\/pages"}],"about":[{"href":"https:\/\/www.tratativa.com.br\/dicas\/wp-json\/wp\/v2\/types\/page"}],"author":[{"embeddable":true,"href":"https:\/\/www.tratativa.com.br\/dicas\/wp-json\/wp\/v2\/users\/1"}],"replies":[{"embeddable":true,"href":"https:\/\/www.tratativa.com.br\/dicas\/wp-json\/wp\/v2\/comments?post=193"}],"version-history":[{"count":9,"href":"https:\/\/www.tratativa.com.br\/dicas\/wp-json\/wp\/v2\/pages\/193\/revisions"}],"predecessor-version":[{"id":1758,"href":"https:\/\/www.tratativa.com.br\/dicas\/wp-json\/wp\/v2\/pages\/193\/revisions\/1758"}],"wp:attachment":[{"href":"https:\/\/www.tratativa.com.br\/dicas\/wp-json\/wp\/v2\/media?parent=193"}],"curies":[{"name":"wp","href":"https:\/\/api.w.org\/{rel}","templated":true}]}}